t d(l) = l - 1. Let t(b) = -3*d(b) + g(b). Let p(z) = -5*t(z) - 3*u(z). What is the units digit of p(6)?
7
Let t(j) = 2*j**2 - 2*j + 3. What is the tens digit of t(3)?
1
What is the tens digit of 44 - (3 + -7 - -8)?
4
What is the units digit of ((-42)/(-18))/(1/6)?
4
Suppose 16 - 48 = 4*l. Let i = -3 - l. What is the units digit of i?
5
Suppose 3*i - 3*s = 585, -5*i + s + 845 = -114. What is the hundreds digit of i?
1
Let p = 2 - -2. Suppose p*l = l. Suppose m + 0*u - u - 8 = l, -2*m - u = -7. What is the units digit of m?
5
Let o = 110 - 50. Let g = o + -36. What is the tens digit of g?
2
Let t = 170 - 73. What is the units digit of t?
7
What is the tens digit of 48 + 0*(-3)/3?
4
Suppose 9*x - 14*x = -215. What is the tens digit of x?
4
Let h(b) be the first derivative of 4*b**3/3 + b**2 - b + 1. What is the tens digit of h(-2)?
1
Suppose -58*i - 60 = -60*i. What is the units digit of i?
0
Suppose 0 = -5*a + 371 + 144. What is the hundreds digit of a?
1
Let u = -13 + 19. Suppose 2*b - 2 = 2*s + 2, 5*s + 16 = 3*b. Let y = u - s. What is the units digit of y?
1
Let i be 130/(-15) - 2/(-3). Let o = i - -13. Suppose 0 = -3*y + 2*t + o, 0 = 5*y - 2*t + t - 20. What is the units digit of y?
5
Let i(f) = 4*f**3 - 5*f**2 + f + 7. What is the hundreds digit of i(4)?
1
Let a(d) = 69*d**2 + d. What is the units digit of a(1)?
0
Let v be (1 - 0)/(1/5). Suppose -v*h + 13 = -7. What is the units digit of h?
4
Let c(y) = -187*y**3 - 2*y - 1. What is the hundreds digit of c(-1)?
1
Let n(i) = -i**2 + 23*i + 24. What is the units digit of n(12)?
6
Let l = -6 - -7. Let c = l - -16. What is the units digit of c?
7
Let w(r) = r**3 + r + 1. Let h(t) = 5*t**3 - 3*t**2 + 10*t + 2. Let n(k) = -h(k) + 6*w(k). What is the tens digit of n(3)?
4
Let c be ((-2)/(-6))/((-5)/(-255)). Let x = -2 + c. What is the tens digit of x?
1
What is the tens digit of ((-3)/9)/(5/(-285))?
1
Let b(j) = j**2 + 5*j + 4. Let s be b(-5). Suppose s*h + 2 = 3*h. What is the units digit of ((-12)/10)/h*5?
3
Suppose 5*g - h - 19 = 0, 2*h + 8 = -0. Suppose g*b = 4 - 1. What is the units digit of -1 - (b + -6 + -1)?
5
Let t be 168/2 + 6/(-2). Suppose 3*o - 3*q - t = 0, 3*q + 5 = 2*q. What is the tens digit of o?
2
Suppose 2*l + 3*c + 9 = 28, 2*l - 5*c - 27 = 0. Suppose 0 = 4*r - 35 + l. What is the units digit of r?
6
Let q(u) = 116*u**2. Let h be q(1). Suppose 0 = 7*l - 3*l - h. What is the units digit of l?
9
Let u = 654 + -435. Suppose 4*v - v - u = 0. Suppose -12 - v = -5*t. What is the units digit of t?
7
Let m(o) = -11*o + 6. What is the tens digit of m(-4)?
5
Let g(t) = 2*t - 4. Let f be g(3). What is the units digit of (-51)/(-6)*f*1?
7
Let i(n) = 3*n - 8. Let d(y) = -y + 3. Let v(j) = -8*d(j) - 3*i(j). What is the units digit of v(-1)?
1
Let h be ((-24)/14)/(16/(-392)). Suppose 2*d - 4 = h. What is the units digit of d?
3
Let p(v) = -v**2 - 8*v + 4. Let k be p(-8). Suppose -3*u + 100 = 2*u + 5*h, k*u - 86 = -2*h. What is the tens digit of u?
2
Let n(v) = -v**3 - v - 4. Let s be n(0). Let i(c) = 6*c + 4. Let k be i(s). What is the units digit of (k/(-1))/2 + -1?
9
Suppose 0 = -s + 5*z - 0*z + 2, 4*s - 3*z = 8. Suppose 3*y - 53 = -s. What is the tens digit of y?
1
Let p(m) = 8*m**2 - 2*m - 1. Let g be p(-3). Suppose -5*w - 61 = -5*o + 4*o, 0 = -2*o + w + g. What is the units digit of o?
6
Suppose -3*p - 2*r - 49 = -11, -32 = 4*p - 2*r. Let u = 17 + p. What is the units digit of u?
7
Let f(k) = -k + 2. Let d be f(0). Suppose -d*p = 3*w - p - 17, -3*w = -5*p - 41. Suppose 0 = 4*j + 2*a - w*a + 1, -4*j + 5 = a. What is the units digit of j?
1
Suppose 3*b + 2*b - 15 = 0. Let y be b*5*10/15. Suppose 4*t = 3*u - 0*t - y, -5*t = -4*u + 15. What is the units digit of u?
0
Suppose h + 3*r = 124, h - 126 = -4*r - 0*r. Suppose 4*n = 4*y - y - 82, -4*y = -n - h. What is the tens digit of y?
3
Let d = 6 + -4. Suppose 5*p - 163 = 3*k, 0 = d*k + 2*p - p + 113. What is the tens digit of (-2)/10 + k/(-5)?
1
Let m = 10 - 7. Suppose -1 = 4*p + m*x, -29 + 9 = -4*p + 4*x. What is the units digit of p?
2
Let r be (-1)/((-102)/(-105) - 1). Suppose 1 + r = -3*o. What is the tens digit of (-32)/o*15/4?
1
Suppose 0 = -3*y - 4 + 64. Suppose -2*u = -4*u + y. What is the units digit of u?
0
Suppose 4*m + 3*v = 4*v + 16, 5*v = 0. What is the units digit of m?
4
Suppose 0 = -5*i + 333 - 98. What is the units digit of i?
7
Suppose 2*d = -2*d + 4. Let w = d + 10. What is the units digit of w?
1
Suppose 4*y + 2*k - 5*k = 41, -2*k - 9 = -y. Let f = 3 - y. Let t = f + 13. What is the units digit of t?
5
Let w(y) = -y**2 + 14*y + 5. Let s be w(13). Let r be (1/(-3))/(2/s). Let z = r - -7. What is the units digit of z?
4
Suppose 4*k - 22 = 94. Suppose 2*x = -7*y + 4*y + k, -5*y - 85 = -5*x. Let q = x - 8. What is the units digit of q?
8
Suppose -3*s + 4*z + 20 = 0, z + 0 = 3*s - 5. Let n be 0/(-2 - s/(-3)). Suppose 4*u - 3*b = 20, 0 = -3*u - n*b + 5*b + 26. What is the units digit of u?
2
Suppose 5*i = 2*i + 96. Suppose d - 3*d + i = 0. What is the tens digit of d?
1
Let w be 22/4 + (-2)/4. Suppose -z = -4*r - 26, 5*r - w*z + 43 = 3. Let y = 7 + r. What is the units digit of y?
1
Let a(t) = -t**2 + 3*t + 3. Let v be a(3). Let s(j) = -j**2 + 5*j - 2. What is the units digit of s(v)?
4
Let a be (-4)/6 - 8/(-3). Let j = 22 - 1. Suppose -v + j = a*v. What is the units digit of v?
7
Suppose 5*k = -19 - 1. Let j(f) = -f**3 + 10*f**2 - 8. Let m be j(10). Let l = k - m. What is the units digit of l?
4
Suppose 0 = -3*v - 0*v + 6. Suppose p = -4*t + 15, -p + 2*t = -13 - v. What is the tens digit of p?
1
Suppose 0 = -5*p + 3*p + 24. Let b = p - -8. What is the units digit of b?
0
Suppose -w = -6*w + 1020. What is the hundreds digit of w?
2
Let v(c) be the second derivative of c**3/6 - c**2 - 2*c. What is the units digit of v(6)?
4
Suppose -2*x = 5*x - 987. What is the units digit of x?
1
Suppose x = -4*u - 10, 0 = -6*x + x + 3*u - 27. What is the units digit of -1 - 33/x*4?
1
Suppose -3*l + p + 44 = -3*p, 5*l - 82 = -2*p. Suppose 3*i = i - l. Let u(o) = -o**2 - 10*o - 3. What is the tens digit of u(i)?
1
Let m be (-70)/(-22) + 4/(-22). Let i = m - 0. What is the units digit of i?
3
Suppose -11*n + 443 + 1141 = 0. What is the hundreds digit of n?
1
Let l = 31 - 29. What is the units digit of l?
2
Let g = 255 - 180. What is the tens digit of g?
7
Let q be (-4)/(-18) + 2736/81. Let v = q - 6. What is the units digit of v?
8
Let f = 19 + -17. Suppose 0 = 5*q - 5*m - 35, f*q + 5*m - 2 = m. What is the units digit of q?
5
Let d(f) = 6*f**2 + 10*f - 3. What is the tens digit of d(-5)?
9
Suppose 0*b = b - 27. Let j = b + -13. What is the units digit of j?
4
Suppose -4*f - 1342 = -15*f. What is the units digit of f?
2
Let p(h) = -h**2 - 39*h - 65. What is the hundreds digit of p(-27)?
2
Let y(x) = -4*x. Let m be y(-1). Suppose -5*t - m = -29. What is the units digit of t/10 + (-2)/(-4)?
1
Let h(m) = -3*m + 17. Let y be h(12). Let w = -2 - y. What is the tens digit of w?
1
Suppose -h - 4*h + z + 1183 = 0, 4*z = h - 229. What is the hundreds digit of h?
2
Let n = -10 + 1. Let q = -6 - n. Let x(a) = a**3 - a**2 - 2*a + 3. What is the tens digit of x(q)?
1
Suppose -5*v = 2 + 48. Let y = -6 - v. Suppose y*c - 2 = 22. What is the units digit of c?
6
Let i be 1/2*(-10 - -6). What is the tens digit of ((-1)/i)/((-5)/(-120))?
1
Suppose -40 - 35 = -5*m. Suppose 9 = 3*q - m. What is the units digit of q?
8
Suppose 2*q = -2*n + 4*n - 14, -43 = 4*q + n. What is the units digit of q/(0 + (-3)/12)?
0
Suppose 5*t = -n + 323, 3*n + 4 = 3*t + 883. What is the hundreds digit of n?
2
Suppose 4*y + 2*r = 248, 2 = 2*r - 2. What is the units digit of y?
1
Let u = -1 + -3. Let q = u - -11. What is the units digit of q?
7
Let a = -8 + 12. Let b be (a + -3)/(1/5). Suppose 0 = -5*s - w + 47, 2*w + 24 = 2*s + b*w. What is the units digit of s?
9
Suppose 2*u + 2*t = 154, -3*u + 8*u = -t + 373. What is the tens digit of u?
7
Let m be 2/(-7) + 44/7. Suppose -m*i = -3*i - 90. What is the tens digit of i?
3
Suppose 0*y - 4*w = 4*y - 84, 0 = 5*w. What is the units digit of y?
1
Let s be (8/16)/((-2)/(-128)). Suppose -4*f = s + 116. Let x = -22 - f. What is the units digit of x?
5
What is the units digit of 2*-1 - (-26 + -1)?
5
Let i(w) = w**3 + 5*w**2 - 6*w + 7. Suppose -2*b 